{"id":514,"date":"2022-02-22T18:24:15","date_gmt":"2022-02-22T17:24:15","guid":{"rendered":"https:\/\/elxverdaineta.es\/?page_id=514"},"modified":"2022-02-25T09:44:18","modified_gmt":"2022-02-25T08:44:18","slug":"recollida-fraccio-resta","status":"publish","type":"page","link":"https:\/\/elxverdaineta.es\/ca\/recollida-fraccio-resta\/","title":{"rendered":"Fracci\u00f3 resta"},"content":{"rendered":"<div class=\"wpb-content-wrapper\"><p>[vc_row css_animation=&#8221;&#8221; row_type=&#8221;row&#8221; use_row_as_full_screen_section=&#8221;no&#8221; type=&#8221;full_width&#8221; angled_section=&#8221;no&#8221; text_align=&#8221;left&#8221; background_image_as_pattern=&#8221;without_pattern&#8221; css=&#8221;.vc_custom_1645778644078{padding-bottom: 50px !important;}&#8221; z_index=&#8221;&#8221;][vc_column width=&#8221;1\/2&#8243; css=&#8221;.vc_custom_1645778652708{padding-top: 20px !important;padding-bottom: 20px !important;}&#8221;][vc_column_text]A la ciutat d&#8217;Elx tenim multitud de contenidors grisos per a que deposites en ells aquells residus que no poden ser reciclats. \u00c9s el que anomenem la fracci\u00f3 resta. El dep\u00f2sit de residus ha de realitzar-se entre les 21 i les 23 hores per a evitar mol\u00e8sties als ciutadans.<\/p>\n<p>Els residus recollits dins de la fracci\u00f3 resta s\u00f3n traslladats a la nostra planta de la partida de\u00a0Vallongas\u00a0on, a trav\u00e9s de diversos tractaments, es reciclen en la mesura que siga possible separant aquells materials susceptibles de reciclar-se i que haurien d&#8217;haver-se depositat en els contenidors de recollida selectiva, obtenint a m\u00e9s compost a partir de la mat\u00e8ria org\u00e0nica present en aquests residus.<\/p>\n<p>RECORDA:<br \/>\nNo tot \u00e9s fem. Ajuda a reciclar. Deposita cada residu en el seu contenidor.<br \/>\nNo aparques davant dels contenidors. Un vehicle mal aparcat impedeix que es puga recollir el fem i aix\u00f2 ens perjudica a tots.<br \/>\nTrau el fem en bosses tancades i nom\u00e9s en l&#8217;horari compr\u00e9s entre les 21:00h i les 23:00h.[\/vc_column_text][\/vc_column][vc_column width=&#8221;1\/2&#8243; css=&#8221;.vc_custom_1645778656655{padding-top: 20px !important;padding-bottom: 20px !important;}&#8221;][vc_single_image image=&#8221;454&#8243; img_size=&#8221;full&#8221; alignment=&#8221;center&#8221; qode_css_animation=&#8221;&#8221;][\/vc_column][\/vc_row]<\/p>\n<\/div>","protected":false},"excerpt":{"rendered":"<p>[vc_row css_animation=&#8221;&#8221; row_type=&#8221;row&#8221; use_row_as_full_screen_section=&#8221;no&#8221; type=&#8221;full_width&#8221; angled_section=&#8221;no&#8221; text_align=&#8221;left&#8221; background_image_as_pattern=&#8221;without_pattern&#8221; css=&#8221;.vc_custom_1645778644078{padding-bottom: 50px !important;}&#8221; z_index=&#8221;&#8221;][vc_column width=&#8221;1\/2&#8243; css=&#8221;.vc_custom_1645778652708{padding-top: 20px !important;padding-bottom: 20px !important;}&#8221;][vc_column_text]A la ciutat d&#8217;Elx tenim multitud de contenidors grisos per a que deposites en ells aquells residus que no poden ser reciclats. \u00c9s el que anomenem la fracci\u00f3&#8230;<\/p>\n","protected":false},"author":1,"featured_media":0,"parent":0,"menu_order":0,"comment_status":"closed","ping_status":"closed","template":"","meta":{"rs_blank_template":"","rs_page_bg_color":"","slide_template_v7":"","footnotes":""},"class_list":["post-514","page","type-page","status-publish","hentry"],"yoast_head":"<!-- This site is optimized with the Yoast SEO plugin v27.4 - https:\/\/yoast.com\/product\/yoast-seo-wordpress\/ -->\n<title>Fracci\u00f3 resta - Elx verda i neta<\/title>\n<meta name=\"robots\" content=\"index, follow, max-snippet:-1, max-image-preview:large, max-video-preview:-1\" \/>\n<link rel=\"canonical\" href=\"https:\/\/elxverdaineta.es\/ca\/recollida-fraccio-resta\/\" \/>\n<meta property=\"og:locale\" content=\"ca_ES\" \/>\n<meta property=\"og:type\" content=\"article\" \/>\n<meta property=\"og:title\" content=\"Fracci\u00f3 resta - Elx verda i neta\" \/>\n<meta property=\"og:description\" content=\"[vc_row css_animation=&#8221;&#8221; row_type=&#8221;row&#8221; use_row_as_full_screen_section=&#8221;no&#8221; type=&#8221;full_width&#8221; angled_section=&#8221;no&#8221; text_align=&#8221;left&#8221; background_image_as_pattern=&#8221;without_pattern&#8221; css=&#8221;.vc_custom_1645778644078{padding-bottom: 50px !important;}&#8221; z_index=&#8221;&#8221;][vc_column width=&#8221;1\/2&#8243; css=&#8221;.vc_custom_1645778652708{padding-top: 20px !important;padding-bottom: 20px !important;}&#8221;][vc_column_text]A la ciutat d&#8217;Elx tenim multitud de contenidors grisos per a que deposites en ells aquells residus que no poden ser reciclats. \u00c9s el que anomenem la fracci\u00f3...\" \/>\n<meta property=\"og:url\" content=\"https:\/\/elxverdaineta.es\/ca\/recollida-fraccio-resta\/\" \/>\n<meta property=\"og:site_name\" content=\"Elx verda i neta\" \/>\n<meta property=\"article:publisher\" content=\"https:\/\/www.facebook.com\/elxverdaineta\/\" \/>\n<meta property=\"article:modified_time\" content=\"2022-02-25T08:44:18+00:00\" \/>\n<meta name=\"twitter:card\" content=\"summary_large_image\" \/>\n<meta name=\"twitter:site\" content=\"@elxverdaineta\" \/>\n<meta name=\"twitter:label1\" content=\"Temps estimat de lectura\" \/>\n\t<meta name=\"twitter:data1\" content=\"1 minut\" \/>\n<script type=\"application\/ld+json\" class=\"yoast-schema-graph\">{\"@context\":\"https:\\\/\\\/schema.org\",\"@graph\":[{\"@type\":\"WebPage\",\"@id\":\"https:\\\/\\\/elxverdaineta.es\\\/ca\\\/recollida-fraccio-resta\\\/\",\"url\":\"https:\\\/\\\/elxverdaineta.es\\\/ca\\\/recollida-fraccio-resta\\\/\",\"name\":\"Fracci\u00f3 resta - Elx verda i neta\",\"isPartOf\":{\"@id\":\"https:\\\/\\\/elxverdaineta.es\\\/ca\\\/#website\"},\"datePublished\":\"2022-02-22T17:24:15+00:00\",\"dateModified\":\"2022-02-25T08:44:18+00:00\",\"breadcrumb\":{\"@id\":\"https:\\\/\\\/elxverdaineta.es\\\/ca\\\/recollida-fraccio-resta\\\/#breadcrumb\"},\"inLanguage\":\"ca\",\"potentialAction\":[{\"@type\":\"ReadAction\",\"target\":[\"https:\\\/\\\/elxverdaineta.es\\\/ca\\\/recollida-fraccio-resta\\\/\"]}]},{\"@type\":\"BreadcrumbList\",\"@id\":\"https:\\\/\\\/elxverdaineta.es\\\/ca\\\/recollida-fraccio-resta\\\/#breadcrumb\",\"itemListElement\":[{\"@type\":\"ListItem\",\"position\":1,\"name\":\"Inici\",\"item\":\"https:\\\/\\\/elxverdaineta.es\\\/ca\\\/\"},{\"@type\":\"ListItem\",\"position\":2,\"name\":\"Fracci\u00f3 resta\"}]},{\"@type\":\"WebSite\",\"@id\":\"https:\\\/\\\/elxverdaineta.es\\\/ca\\\/#website\",\"url\":\"https:\\\/\\\/elxverdaineta.es\\\/ca\\\/\",\"name\":\"Elx verda i neta\",\"description\":\"\",\"publisher\":{\"@id\":\"https:\\\/\\\/elxverdaineta.es\\\/ca\\\/#organization\"},\"potentialAction\":[{\"@type\":\"SearchAction\",\"target\":{\"@type\":\"EntryPoint\",\"urlTemplate\":\"https:\\\/\\\/elxverdaineta.es\\\/ca\\\/?s={search_term_string}\"},\"query-input\":{\"@type\":\"PropertyValueSpecification\",\"valueRequired\":true,\"valueName\":\"search_term_string\"}}],\"inLanguage\":\"ca\"},{\"@type\":\"Organization\",\"@id\":\"https:\\\/\\\/elxverdaineta.es\\\/ca\\\/#organization\",\"name\":\"Elx verda i neta\",\"url\":\"https:\\\/\\\/elxverdaineta.es\\\/ca\\\/\",\"logo\":{\"@type\":\"ImageObject\",\"inLanguage\":\"ca\",\"@id\":\"https:\\\/\\\/elxverdaineta.es\\\/ca\\\/#\\\/schema\\\/logo\\\/image\\\/\",\"url\":\"https:\\\/\\\/elxverdaineta.es\\\/wp-content\\\/uploads\\\/2022\\\/01\\\/logo-elx-verda-i-neta.png\",\"contentUrl\":\"https:\\\/\\\/elxverdaineta.es\\\/wp-content\\\/uploads\\\/2022\\\/01\\\/logo-elx-verda-i-neta.png\",\"width\":359,\"height\":264,\"caption\":\"Elx verda i neta\"},\"image\":{\"@id\":\"https:\\\/\\\/elxverdaineta.es\\\/ca\\\/#\\\/schema\\\/logo\\\/image\\\/\"},\"sameAs\":[\"https:\\\/\\\/www.facebook.com\\\/elxverdaineta\\\/\",\"https:\\\/\\\/x.com\\\/elxverdaineta\"]}]}<\/script>\n<!-- \/ Yoast SEO plugin. -->","yoast_head_json":{"title":"Fracci\u00f3 resta - Elx verda i neta","robots":{"index":"index","follow":"follow","max-snippet":"max-snippet:-1","max-image-preview":"max-image-preview:large","max-video-preview":"max-video-preview:-1"},"canonical":"https:\/\/elxverdaineta.es\/ca\/recollida-fraccio-resta\/","og_locale":"ca_ES","og_type":"article","og_title":"Fracci\u00f3 resta - Elx verda i neta","og_description":"[vc_row css_animation=&#8221;&#8221; row_type=&#8221;row&#8221; use_row_as_full_screen_section=&#8221;no&#8221; type=&#8221;full_width&#8221; angled_section=&#8221;no&#8221; text_align=&#8221;left&#8221; background_image_as_pattern=&#8221;without_pattern&#8221; css=&#8221;.vc_custom_1645778644078{padding-bottom: 50px !important;}&#8221; z_index=&#8221;&#8221;][vc_column width=&#8221;1\/2&#8243; css=&#8221;.vc_custom_1645778652708{padding-top: 20px !important;padding-bottom: 20px !important;}&#8221;][vc_column_text]A la ciutat d&#8217;Elx tenim multitud de contenidors grisos per a que deposites en ells aquells residus que no poden ser reciclats. \u00c9s el que anomenem la fracci\u00f3...","og_url":"https:\/\/elxverdaineta.es\/ca\/recollida-fraccio-resta\/","og_site_name":"Elx verda i neta","article_publisher":"https:\/\/www.facebook.com\/elxverdaineta\/","article_modified_time":"2022-02-25T08:44:18+00:00","twitter_card":"summary_large_image","twitter_site":"@elxverdaineta","twitter_misc":{"Temps estimat de lectura":"1 minut"},"schema":{"@context":"https:\/\/schema.org","@graph":[{"@type":"WebPage","@id":"https:\/\/elxverdaineta.es\/ca\/recollida-fraccio-resta\/","url":"https:\/\/elxverdaineta.es\/ca\/recollida-fraccio-resta\/","name":"Fracci\u00f3 resta - Elx verda i neta","isPartOf":{"@id":"https:\/\/elxverdaineta.es\/ca\/#website"},"datePublished":"2022-02-22T17:24:15+00:00","dateModified":"2022-02-25T08:44:18+00:00","breadcrumb":{"@id":"https:\/\/elxverdaineta.es\/ca\/recollida-fraccio-resta\/#breadcrumb"},"inLanguage":"ca","potentialAction":[{"@type":"ReadAction","target":["https:\/\/elxverdaineta.es\/ca\/recollida-fraccio-resta\/"]}]},{"@type":"BreadcrumbList","@id":"https:\/\/elxverdaineta.es\/ca\/recollida-fraccio-resta\/#breadcrumb","itemListElement":[{"@type":"ListItem","position":1,"name":"Inici","item":"https:\/\/elxverdaineta.es\/ca\/"},{"@type":"ListItem","position":2,"name":"Fracci\u00f3 resta"}]},{"@type":"WebSite","@id":"https:\/\/elxverdaineta.es\/ca\/#website","url":"https:\/\/elxverdaineta.es\/ca\/","name":"Elx verda i neta","description":"","publisher":{"@id":"https:\/\/elxverdaineta.es\/ca\/#organization"},"potentialAction":[{"@type":"SearchAction","target":{"@type":"EntryPoint","urlTemplate":"https:\/\/elxverdaineta.es\/ca\/?s={search_term_string}"},"query-input":{"@type":"PropertyValueSpecification","valueRequired":true,"valueName":"search_term_string"}}],"inLanguage":"ca"},{"@type":"Organization","@id":"https:\/\/elxverdaineta.es\/ca\/#organization","name":"Elx verda i neta","url":"https:\/\/elxverdaineta.es\/ca\/","logo":{"@type":"ImageObject","inLanguage":"ca","@id":"https:\/\/elxverdaineta.es\/ca\/#\/schema\/logo\/image\/","url":"https:\/\/elxverdaineta.es\/wp-content\/uploads\/2022\/01\/logo-elx-verda-i-neta.png","contentUrl":"https:\/\/elxverdaineta.es\/wp-content\/uploads\/2022\/01\/logo-elx-verda-i-neta.png","width":359,"height":264,"caption":"Elx verda i neta"},"image":{"@id":"https:\/\/elxverdaineta.es\/ca\/#\/schema\/logo\/image\/"},"sameAs":["https:\/\/www.facebook.com\/elxverdaineta\/","https:\/\/x.com\/elxverdaineta"]}]}},"_links":{"self":[{"href":"https:\/\/elxverdaineta.es\/ca\/wp-json\/wp\/v2\/pages\/514","targetHints":{"allow":["GET"]}}],"collection":[{"href":"https:\/\/elxverdaineta.es\/ca\/wp-json\/wp\/v2\/pages"}],"about":[{"href":"https:\/\/elxverdaineta.es\/ca\/wp-json\/wp\/v2\/types\/page"}],"author":[{"embeddable":true,"href":"https:\/\/elxverdaineta.es\/ca\/wp-json\/wp\/v2\/users\/1"}],"replies":[{"embeddable":true,"href":"https:\/\/elxverdaineta.es\/ca\/wp-json\/wp\/v2\/comments?post=514"}],"version-history":[{"count":5,"href":"https:\/\/elxverdaineta.es\/ca\/wp-json\/wp\/v2\/pages\/514\/revisions"}],"predecessor-version":[{"id":779,"href":"https:\/\/elxverdaineta.es\/ca\/wp-json\/wp\/v2\/pages\/514\/revisions\/779"}],"wp:attachment":[{"href":"https:\/\/elxverdaineta.es\/ca\/wp-json\/wp\/v2\/media?parent=514"}],"curies":[{"name":"wp","href":"https:\/\/api.w.org\/{rel}","templated":true}]}}

Fracció resta

<div class="wpb-content-wrapper"><p>[vc_row css_animation=&#8221;&#8221; row_type=&#8221;row&#8221; use_row_as_full_screen_section=&#8221;no&#8221; type=&#8221;full_width&#8221; angled_section=&#8221;no&#8221; text_align=&#8221;left&#8221; background_image_as_pattern=&#8221;without_pattern&#8221; css=&#8221;.vc_custom_1645778644078{padding-bottom: 50px !important;}&#8221; z_index=&#8221;&#8221;][vc_column width=&#8221;1/2&#8243; css=&#8221;.vc_custom_1645778652708{padding-top: 20px !important;padding-bottom: 20px !important;}&#8221;][vc_column_text]A la ciutat d&#8217;Elx tenim multitud de contenidors grisos per a que deposites en ells aquells residus que no poden ser reciclats. És el que anomenem la fracció resta. El depòsit de residus ha de realitzar-se entre les 21 i les 23 hores per a evitar molèsties als ciutadans.</p>
<p>Els residus recollits dins de la fracció resta són traslladats a la nostra planta de la partida de Vallongas on, a través de diversos tractaments, es reciclen en la mesura que siga possible separant aquells materials susceptibles de reciclar-se i que haurien d&#8217;haver-se depositat en els contenidors de recollida selectiva, obtenint a més compost a partir de la matèria orgànica present en aquests residus.</p>
<p>RECORDA:<br />
No tot és fem. Ajuda a reciclar. Deposita cada residu en el seu contenidor.<br />
No aparques davant dels contenidors. Un vehicle mal aparcat impedeix que es puga recollir el fem i això ens perjudica a tots.<br />
Trau el fem en bosses tancades i només en l&#8217;horari comprés entre les 21:00h i les 23:00h.[/vc_column_text][/vc_column][vc_column width=&#8221;1/2&#8243; css=&#8221;.vc_custom_1645778656655{padding-top: 20px !important;padding-bottom: 20px !important;}&#8221;][vc_single_image image=&#8221;454&#8243; img_size=&#8221;full&#8221; alignment=&#8221;center&#8221; qode_css_animation=&#8221;&#8221;][/vc_column][/vc_row]</p>
</div>

<p>[vc_row css_animation=&#8221;&#8221; row_type=&#8221;row&#8221; use_row_as_full_screen_section=&#8221;no&#8221; type=&#8221;full_width&#8221; angled_section=&#8221;no&#8221; text_align=&#8221;left&#8221; background_image_as_pattern=&#8221;without_pattern&#8221; css=&#8221;.vc_custom_1645778644078{padding-bottom: 50px !important;}&#8221; z_index=&#8221;&#8221;][vc_column width=&#8221;1/2&#8243; css=&#8221;.vc_custom_1645778652708{padding-top: 20px !important;padding-bottom: 20px !important;}&#8221;][vc_column_text]A la ciutat d&#8217;Elx tenim multitud de contenidors grisos per a que deposites en ells aquells residus que no poden ser reciclats. És el que anomenem la fracció&#8230;</p>

<!-- This site is optimized with the Yoast SEO plugin v27.4 - https://yoast.com/product/yoast-seo-wordpress/ -->
<title>Fracció resta - Elx verda i neta</title>
<meta name="robots" content="index, follow, max-snippet:-1, max-image-preview:large, max-video-preview:-1" />
<link rel="canonical" href="https://elxverdaineta.es/ca/recollida-fraccio-resta/" />
<meta property="og:locale" content="ca_ES" />
<meta property="og:type" content="article" />
<meta property="og:title" content="Fracció resta - Elx verda i neta" />
<meta property="og:description" content="[vc_row css_animation=&#8221;&#8221; row_type=&#8221;row&#8221; use_row_as_full_screen_section=&#8221;no&#8221; type=&#8221;full_width&#8221; angled_section=&#8221;no&#8221; text_align=&#8221;left&#8221; background_image_as_pattern=&#8221;without_pattern&#8221; css=&#8221;.vc_custom_1645778644078{padding-bottom: 50px !important;}&#8221; z_index=&#8221;&#8221;][vc_column width=&#8221;1/2&#8243; css=&#8221;.vc_custom_1645778652708{padding-top: 20px !important;padding-bottom: 20px !important;}&#8221;][vc_column_text]A la ciutat d&#8217;Elx tenim multitud de contenidors grisos per a que deposites en ells aquells residus que no poden ser reciclats. És el que anomenem la fracció..." />
<meta property="og:url" content="https://elxverdaineta.es/ca/recollida-fraccio-resta/" />
<meta property="og:site_name" content="Elx verda i neta" />
<meta property="article:publisher" content="https://www.facebook.com/elxverdaineta/" />
<meta property="article:modified_time" content="2022-02-25T08:44:18+00:00" />
<meta name="twitter:card" content="summary_large_image" />
<meta name="twitter:site" content="@elxverdaineta" />
<meta name="twitter:label1" content="Temps estimat de lectura" />
	<meta name="twitter:data1" content="1 minut" />
<script type="application/ld+json" class="yoast-schema-graph">{"@context":"https:\/\/schema.org","@graph":[{"@type":"WebPage","@id":"https:\/\/elxverdaineta.es\/ca\/recollida-fraccio-resta\/","url":"https:\/\/elxverdaineta.es\/ca\/recollida-fraccio-resta\/","name":"Fracció resta - Elx verda i neta","isPartOf":{"@id":"https:\/\/elxverdaineta.es\/ca\/#website"},"datePublished":"2022-02-22T17:24:15+00:00","dateModified":"2022-02-25T08:44:18+00:00","breadcrumb":{"@id":"https:\/\/elxverdaineta.es\/ca\/recollida-fraccio-resta\/#breadcrumb"},"inLanguage":"ca","potentialAction":[{"@type":"ReadAction","target":["https:\/\/elxverdaineta.es\/ca\/recollida-fraccio-resta\/"]}]},{"@type":"BreadcrumbList","@id":"https:\/\/elxverdaineta.es\/ca\/recollida-fraccio-resta\/#breadcrumb","itemListElement":[{"@type":"ListItem","position":1,"name":"Inici","item":"https:\/\/elxverdaineta.es\/ca\/"},{"@type":"ListItem","position":2,"name":"Fracció resta"}]},{"@type":"WebSite","@id":"https:\/\/elxverdaineta.es\/ca\/#website","url":"https:\/\/elxverdaineta.es\/ca\/","name":"Elx verda i neta","description":"","publisher":{"@id":"https:\/\/elxverdaineta.es\/ca\/#organization"},"potentialAction":[{"@type":"SearchAction","target":{"@type":"EntryPoint","urlTemplate":"https:\/\/elxverdaineta.es\/ca\/?s={search_term_string}"},"query-input":{"@type":"PropertyValueSpecification","valueRequired":true,"valueName":"search_term_string"}}],"inLanguage":"ca"},{"@type":"Organization","@id":"https:\/\/elxverdaineta.es\/ca\/#organization","name":"Elx verda i neta","url":"https:\/\/elxverdaineta.es\/ca\/","logo":{"@type":"ImageObject","inLanguage":"ca","@id":"https:\/\/elxverdaineta.es\/ca\/#\/schema\/logo\/image\/","url":"https:\/\/elxverdaineta.es\/wp-content\/uploads\/2022\/01\/logo-elx-verda-i-neta.png","contentUrl":"https:\/\/elxverdaineta.es\/wp-content\/uploads\/2022\/01\/logo-elx-verda-i-neta.png","width":359,"height":264,"caption":"Elx verda i neta"},"image":{"@id":"https:\/\/elxverdaineta.es\/ca\/#\/schema\/logo\/image\/"},"sameAs":["https:\/\/www.facebook.com\/elxverdaineta\/","https:\/\/x.com\/elxverdaineta"]}]}</script>
<!-- / Yoast SEO plugin. -->

Fracció resta - Elx verda i neta

[vc_row css_animation=&#8221;&#8221; row_type=&#8221;row&#8221; use_row_as_full_screen_section=&#8221;no&#8221; type=&#8221;full_width&#8221; angled_section=&#8221;no&#8221; text_align=&#8221;left&#8221; background_image_as_pattern=&#8221;without_pattern&#8221; css=&#8221;.vc_custom_1645778644078{padding-bottom: 50px !important;}&#8221; z_index=&#8221;&#8221;][vc_column width=&#8221;1/2&#8243; css=&#8221;.vc_custom_1645778652708{padding-top: 20px !important;padding-bottom: 20px !important;}&#8221;][vc_column_text]A la ciutat d&#8217;Elx tenim multitud de contenidors grisos per a que deposites en ells aquells residus que no poden ser reciclats. És el que anomenem la fracció...
