{"id":502,"date":"2022-02-22T18:21:38","date_gmt":"2022-02-22T17:21:38","guid":{"rendered":"https:\/\/elxverdaineta.es\/?page_id=502"},"modified":"2022-02-24T16:37:10","modified_gmt":"2022-02-24T15:37:10","slug":"recollida-estris-domestics","status":"publish","type":"page","link":"https:\/\/elxverdaineta.es\/ca\/recollida-estris-domestics\/","title":{"rendered":"Estris dom\u00e8stics"},"content":{"rendered":"<div class=\"wpb-content-wrapper\"><p>[vc_row css_animation=&#8221;&#8221; row_type=&#8221;row&#8221; use_row_as_full_screen_section=&#8221;no&#8221; type=&#8221;full_width&#8221; angled_section=&#8221;no&#8221; text_align=&#8221;left&#8221; background_image_as_pattern=&#8221;without_pattern&#8221; css=&#8221;.vc_custom_1645717017481{padding-bottom: 50px !important;}&#8221; z_index=&#8221;&#8221;][vc_column width=&#8221;1\/2&#8243; css=&#8221;.vc_custom_1645717024489{margin-bottom: 50px !important;}&#8221;][vc_column_text css=&#8221;.vc_custom_1645440608004{padding-top: 20px !important;}&#8221;]El servei de recollida d&#8217;estris voluminosos consisteix en la retirada d&#8217;aquells residus d&#8217;origen domiciliari que per la seua grand\u00e0ria no poden ser depositats dins els contenidors de fracci\u00f3 reste distribu\u00efts per la ciutat i les pedanies.<\/p>\n<p>&nbsp;<\/p>\n<p>Per a procedir a la recollida d&#8217;aquests residus nom\u00e9s has d&#8217;enviar un WhatsApp al 680 363 774 i indicar el punt on es depositaran els voluminosos, els quals es deixaran en la via p\u00fablica a partir de les 22.00 hores per a ser recollits al mat\u00ed seg\u00fcent.<\/p>\n<p>&nbsp;<\/p>\n<p>Els residus recollits per aquest servei s\u00f3n classificats posteriorment en el Punt Net i traslladats a diverses instal\u00b7lacions de reciclatge segons la seua composici\u00f3. Aix\u00ed s&#8217;estableixen l\u00ednies de gesti\u00f3 de residus diferenciades per als electrodom\u00e8stics, els estris de fusta i la resta de voluminosos.[\/vc_column_text][\/vc_column][vc_column width=&#8221;1\/2&#8243; css=&#8221;.vc_custom_1645717028955{margin-bottom: 50px !important;}&#8221;][vc_single_image image=&#8221;447&#8243; img_size=&#8221;full&#8221; alignment=&#8221;center&#8221; qode_css_animation=&#8221;&#8221;][\/vc_column][\/vc_row]<\/p>\n<\/div>","protected":false},"excerpt":{"rendered":"<p>[vc_row css_animation=&#8221;&#8221; row_type=&#8221;row&#8221; use_row_as_full_screen_section=&#8221;no&#8221; type=&#8221;full_width&#8221; angled_section=&#8221;no&#8221; text_align=&#8221;left&#8221; background_image_as_pattern=&#8221;without_pattern&#8221; css=&#8221;.vc_custom_1645717017481{padding-bottom: 50px !important;}&#8221; z_index=&#8221;&#8221;][vc_column width=&#8221;1\/2&#8243; css=&#8221;.vc_custom_1645717024489{margin-bottom: 50px !important;}&#8221;][vc_column_text css=&#8221;.vc_custom_1645440608004{padding-top: 20px !important;}&#8221;]El servei de recollida d&#8217;estris voluminosos consisteix en la retirada d&#8217;aquells residus d&#8217;origen domiciliari que per la seua grand\u00e0ria no poden ser depositats dins els contenidors de&#8230;<\/p>\n","protected":false},"author":1,"featured_media":0,"parent":0,"menu_order":0,"comment_status":"closed","ping_status":"closed","template":"","meta":{"rs_blank_template":"","rs_page_bg_color":"","slide_template_v7":"","footnotes":""},"class_list":["post-502","page","type-page","status-publish","hentry"],"yoast_head":"<!-- This site is optimized with the Yoast SEO plugin v27.4 - https:\/\/yoast.com\/product\/yoast-seo-wordpress\/ -->\n<title>Estris dom\u00e8stics - Elx verda i neta<\/title>\n<meta name=\"robots\" content=\"index, follow, max-snippet:-1, max-image-preview:large, max-video-preview:-1\" \/>\n<link rel=\"canonical\" href=\"https:\/\/elxverdaineta.es\/ca\/recollida-estris-domestics\/\" \/>\n<meta property=\"og:locale\" content=\"ca_ES\" \/>\n<meta property=\"og:type\" content=\"article\" \/>\n<meta property=\"og:title\" content=\"Estris dom\u00e8stics - Elx verda i neta\" \/>\n<meta property=\"og:description\" content=\"[vc_row css_animation=&#8221;&#8221; row_type=&#8221;row&#8221; use_row_as_full_screen_section=&#8221;no&#8221; type=&#8221;full_width&#8221; angled_section=&#8221;no&#8221; text_align=&#8221;left&#8221; background_image_as_pattern=&#8221;without_pattern&#8221; css=&#8221;.vc_custom_1645717017481{padding-bottom: 50px !important;}&#8221; z_index=&#8221;&#8221;][vc_column width=&#8221;1\/2&#8243; css=&#8221;.vc_custom_1645717024489{margin-bottom: 50px !important;}&#8221;][vc_column_text css=&#8221;.vc_custom_1645440608004{padding-top: 20px !important;}&#8221;]El servei de recollida d&#8217;estris voluminosos consisteix en la retirada d&#8217;aquells residus d&#8217;origen domiciliari que per la seua grand\u00e0ria no poden ser depositats dins els contenidors de...\" \/>\n<meta property=\"og:url\" content=\"https:\/\/elxverdaineta.es\/ca\/recollida-estris-domestics\/\" \/>\n<meta property=\"og:site_name\" content=\"Elx verda i neta\" \/>\n<meta property=\"article:publisher\" content=\"https:\/\/www.facebook.com\/elxverdaineta\/\" \/>\n<meta property=\"article:modified_time\" content=\"2022-02-24T15:37:10+00:00\" \/>\n<meta name=\"twitter:card\" content=\"summary_large_image\" \/>\n<meta name=\"twitter:site\" content=\"@elxverdaineta\" \/>\n<meta name=\"twitter:label1\" content=\"Temps estimat de lectura\" \/>\n\t<meta name=\"twitter:data1\" content=\"1 minut\" \/>\n<script type=\"application\/ld+json\" class=\"yoast-schema-graph\">{\"@context\":\"https:\\\/\\\/schema.org\",\"@graph\":[{\"@type\":\"WebPage\",\"@id\":\"https:\\\/\\\/elxverdaineta.es\\\/ca\\\/recollida-estris-domestics\\\/\",\"url\":\"https:\\\/\\\/elxverdaineta.es\\\/ca\\\/recollida-estris-domestics\\\/\",\"name\":\"Estris dom\u00e8stics - Elx verda i neta\",\"isPartOf\":{\"@id\":\"https:\\\/\\\/elxverdaineta.es\\\/ca\\\/#website\"},\"datePublished\":\"2022-02-22T17:21:38+00:00\",\"dateModified\":\"2022-02-24T15:37:10+00:00\",\"breadcrumb\":{\"@id\":\"https:\\\/\\\/elxverdaineta.es\\\/ca\\\/recollida-estris-domestics\\\/#breadcrumb\"},\"inLanguage\":\"ca\",\"potentialAction\":[{\"@type\":\"ReadAction\",\"target\":[\"https:\\\/\\\/elxverdaineta.es\\\/ca\\\/recollida-estris-domestics\\\/\"]}]},{\"@type\":\"BreadcrumbList\",\"@id\":\"https:\\\/\\\/elxverdaineta.es\\\/ca\\\/recollida-estris-domestics\\\/#breadcrumb\",\"itemListElement\":[{\"@type\":\"ListItem\",\"position\":1,\"name\":\"Inici\",\"item\":\"https:\\\/\\\/elxverdaineta.es\\\/ca\\\/\"},{\"@type\":\"ListItem\",\"position\":2,\"name\":\"Estris dom\u00e8stics\"}]},{\"@type\":\"WebSite\",\"@id\":\"https:\\\/\\\/elxverdaineta.es\\\/ca\\\/#website\",\"url\":\"https:\\\/\\\/elxverdaineta.es\\\/ca\\\/\",\"name\":\"Elx verda i neta\",\"description\":\"\",\"publisher\":{\"@id\":\"https:\\\/\\\/elxverdaineta.es\\\/ca\\\/#organization\"},\"potentialAction\":[{\"@type\":\"SearchAction\",\"target\":{\"@type\":\"EntryPoint\",\"urlTemplate\":\"https:\\\/\\\/elxverdaineta.es\\\/ca\\\/?s={search_term_string}\"},\"query-input\":{\"@type\":\"PropertyValueSpecification\",\"valueRequired\":true,\"valueName\":\"search_term_string\"}}],\"inLanguage\":\"ca\"},{\"@type\":\"Organization\",\"@id\":\"https:\\\/\\\/elxverdaineta.es\\\/ca\\\/#organization\",\"name\":\"Elx verda i neta\",\"url\":\"https:\\\/\\\/elxverdaineta.es\\\/ca\\\/\",\"logo\":{\"@type\":\"ImageObject\",\"inLanguage\":\"ca\",\"@id\":\"https:\\\/\\\/elxverdaineta.es\\\/ca\\\/#\\\/schema\\\/logo\\\/image\\\/\",\"url\":\"https:\\\/\\\/elxverdaineta.es\\\/wp-content\\\/uploads\\\/2022\\\/01\\\/logo-elx-verda-i-neta.png\",\"contentUrl\":\"https:\\\/\\\/elxverdaineta.es\\\/wp-content\\\/uploads\\\/2022\\\/01\\\/logo-elx-verda-i-neta.png\",\"width\":359,\"height\":264,\"caption\":\"Elx verda i neta\"},\"image\":{\"@id\":\"https:\\\/\\\/elxverdaineta.es\\\/ca\\\/#\\\/schema\\\/logo\\\/image\\\/\"},\"sameAs\":[\"https:\\\/\\\/www.facebook.com\\\/elxverdaineta\\\/\",\"https:\\\/\\\/x.com\\\/elxverdaineta\"]}]}<\/script>\n<!-- \/ Yoast SEO plugin. -->","yoast_head_json":{"title":"Estris dom\u00e8stics - Elx verda i neta","robots":{"index":"index","follow":"follow","max-snippet":"max-snippet:-1","max-image-preview":"max-image-preview:large","max-video-preview":"max-video-preview:-1"},"canonical":"https:\/\/elxverdaineta.es\/ca\/recollida-estris-domestics\/","og_locale":"ca_ES","og_type":"article","og_title":"Estris dom\u00e8stics - Elx verda i neta","og_description":"[vc_row css_animation=&#8221;&#8221; row_type=&#8221;row&#8221; use_row_as_full_screen_section=&#8221;no&#8221; type=&#8221;full_width&#8221; angled_section=&#8221;no&#8221; text_align=&#8221;left&#8221; background_image_as_pattern=&#8221;without_pattern&#8221; css=&#8221;.vc_custom_1645717017481{padding-bottom: 50px !important;}&#8221; z_index=&#8221;&#8221;][vc_column width=&#8221;1\/2&#8243; css=&#8221;.vc_custom_1645717024489{margin-bottom: 50px !important;}&#8221;][vc_column_text css=&#8221;.vc_custom_1645440608004{padding-top: 20px !important;}&#8221;]El servei de recollida d&#8217;estris voluminosos consisteix en la retirada d&#8217;aquells residus d&#8217;origen domiciliari que per la seua grand\u00e0ria no poden ser depositats dins els contenidors de...","og_url":"https:\/\/elxverdaineta.es\/ca\/recollida-estris-domestics\/","og_site_name":"Elx verda i neta","article_publisher":"https:\/\/www.facebook.com\/elxverdaineta\/","article_modified_time":"2022-02-24T15:37:10+00:00","twitter_card":"summary_large_image","twitter_site":"@elxverdaineta","twitter_misc":{"Temps estimat de lectura":"1 minut"},"schema":{"@context":"https:\/\/schema.org","@graph":[{"@type":"WebPage","@id":"https:\/\/elxverdaineta.es\/ca\/recollida-estris-domestics\/","url":"https:\/\/elxverdaineta.es\/ca\/recollida-estris-domestics\/","name":"Estris dom\u00e8stics - Elx verda i neta","isPartOf":{"@id":"https:\/\/elxverdaineta.es\/ca\/#website"},"datePublished":"2022-02-22T17:21:38+00:00","dateModified":"2022-02-24T15:37:10+00:00","breadcrumb":{"@id":"https:\/\/elxverdaineta.es\/ca\/recollida-estris-domestics\/#breadcrumb"},"inLanguage":"ca","potentialAction":[{"@type":"ReadAction","target":["https:\/\/elxverdaineta.es\/ca\/recollida-estris-domestics\/"]}]},{"@type":"BreadcrumbList","@id":"https:\/\/elxverdaineta.es\/ca\/recollida-estris-domestics\/#breadcrumb","itemListElement":[{"@type":"ListItem","position":1,"name":"Inici","item":"https:\/\/elxverdaineta.es\/ca\/"},{"@type":"ListItem","position":2,"name":"Estris dom\u00e8stics"}]},{"@type":"WebSite","@id":"https:\/\/elxverdaineta.es\/ca\/#website","url":"https:\/\/elxverdaineta.es\/ca\/","name":"Elx verda i neta","description":"","publisher":{"@id":"https:\/\/elxverdaineta.es\/ca\/#organization"},"potentialAction":[{"@type":"SearchAction","target":{"@type":"EntryPoint","urlTemplate":"https:\/\/elxverdaineta.es\/ca\/?s={search_term_string}"},"query-input":{"@type":"PropertyValueSpecification","valueRequired":true,"valueName":"search_term_string"}}],"inLanguage":"ca"},{"@type":"Organization","@id":"https:\/\/elxverdaineta.es\/ca\/#organization","name":"Elx verda i neta","url":"https:\/\/elxverdaineta.es\/ca\/","logo":{"@type":"ImageObject","inLanguage":"ca","@id":"https:\/\/elxverdaineta.es\/ca\/#\/schema\/logo\/image\/","url":"https:\/\/elxverdaineta.es\/wp-content\/uploads\/2022\/01\/logo-elx-verda-i-neta.png","contentUrl":"https:\/\/elxverdaineta.es\/wp-content\/uploads\/2022\/01\/logo-elx-verda-i-neta.png","width":359,"height":264,"caption":"Elx verda i neta"},"image":{"@id":"https:\/\/elxverdaineta.es\/ca\/#\/schema\/logo\/image\/"},"sameAs":["https:\/\/www.facebook.com\/elxverdaineta\/","https:\/\/x.com\/elxverdaineta"]}]}},"_links":{"self":[{"href":"https:\/\/elxverdaineta.es\/ca\/wp-json\/wp\/v2\/pages\/502","targetHints":{"allow":["GET"]}}],"collection":[{"href":"https:\/\/elxverdaineta.es\/ca\/wp-json\/wp\/v2\/pages"}],"about":[{"href":"https:\/\/elxverdaineta.es\/ca\/wp-json\/wp\/v2\/types\/page"}],"author":[{"embeddable":true,"href":"https:\/\/elxverdaineta.es\/ca\/wp-json\/wp\/v2\/users\/1"}],"replies":[{"embeddable":true,"href":"https:\/\/elxverdaineta.es\/ca\/wp-json\/wp\/v2\/comments?post=502"}],"version-history":[{"count":3,"href":"https:\/\/elxverdaineta.es\/ca\/wp-json\/wp\/v2\/pages\/502\/revisions"}],"predecessor-version":[{"id":725,"href":"https:\/\/elxverdaineta.es\/ca\/wp-json\/wp\/v2\/pages\/502\/revisions\/725"}],"wp:attachment":[{"href":"https:\/\/elxverdaineta.es\/ca\/wp-json\/wp\/v2\/media?parent=502"}],"curies":[{"name":"wp","href":"https:\/\/api.w.org\/{rel}","templated":true}]}}

Estris domèstics

<div class="wpb-content-wrapper"><p>[vc_row css_animation=&#8221;&#8221; row_type=&#8221;row&#8221; use_row_as_full_screen_section=&#8221;no&#8221; type=&#8221;full_width&#8221; angled_section=&#8221;no&#8221; text_align=&#8221;left&#8221; background_image_as_pattern=&#8221;without_pattern&#8221; css=&#8221;.vc_custom_1645717017481{padding-bottom: 50px !important;}&#8221; z_index=&#8221;&#8221;][vc_column width=&#8221;1/2&#8243; css=&#8221;.vc_custom_1645717024489{margin-bottom: 50px !important;}&#8221;][vc_column_text css=&#8221;.vc_custom_1645440608004{padding-top: 20px !important;}&#8221;]El servei de recollida d&#8217;estris voluminosos consisteix en la retirada d&#8217;aquells residus d&#8217;origen domiciliari que per la seua grandària no poden ser depositats dins els contenidors de fracció reste distribuïts per la ciutat i les pedanies.</p>
<p>&nbsp;</p>
<p>Per a procedir a la recollida d&#8217;aquests residus només has d&#8217;enviar un WhatsApp al 680 363 774 i indicar el punt on es depositaran els voluminosos, els quals es deixaran en la via pública a partir de les 22.00 hores per a ser recollits al matí següent.</p>
<p>&nbsp;</p>
<p>Els residus recollits per aquest servei són classificats posteriorment en el Punt Net i traslladats a diverses instal·lacions de reciclatge segons la seua composició. Així s&#8217;estableixen línies de gestió de residus diferenciades per als electrodomèstics, els estris de fusta i la resta de voluminosos.[/vc_column_text][/vc_column][vc_column width=&#8221;1/2&#8243; css=&#8221;.vc_custom_1645717028955{margin-bottom: 50px !important;}&#8221;][vc_single_image image=&#8221;447&#8243; img_size=&#8221;full&#8221; alignment=&#8221;center&#8221; qode_css_animation=&#8221;&#8221;][/vc_column][/vc_row]</p>
</div>

<p>[vc_row css_animation=&#8221;&#8221; row_type=&#8221;row&#8221; use_row_as_full_screen_section=&#8221;no&#8221; type=&#8221;full_width&#8221; angled_section=&#8221;no&#8221; text_align=&#8221;left&#8221; background_image_as_pattern=&#8221;without_pattern&#8221; css=&#8221;.vc_custom_1645717017481{padding-bottom: 50px !important;}&#8221; z_index=&#8221;&#8221;][vc_column width=&#8221;1/2&#8243; css=&#8221;.vc_custom_1645717024489{margin-bottom: 50px !important;}&#8221;][vc_column_text css=&#8221;.vc_custom_1645440608004{padding-top: 20px !important;}&#8221;]El servei de recollida d&#8217;estris voluminosos consisteix en la retirada d&#8217;aquells residus d&#8217;origen domiciliari que per la seua grandària no poden ser depositats dins els contenidors de&#8230;</p>

<!-- This site is optimized with the Yoast SEO plugin v27.4 - https://yoast.com/product/yoast-seo-wordpress/ -->
<title>Estris domèstics - Elx verda i neta</title>
<meta name="robots" content="index, follow, max-snippet:-1, max-image-preview:large, max-video-preview:-1" />
<link rel="canonical" href="https://elxverdaineta.es/ca/recollida-estris-domestics/" />
<meta property="og:locale" content="ca_ES" />
<meta property="og:type" content="article" />
<meta property="og:title" content="Estris domèstics - Elx verda i neta" />
<meta property="og:description" content="[vc_row css_animation=&#8221;&#8221; row_type=&#8221;row&#8221; use_row_as_full_screen_section=&#8221;no&#8221; type=&#8221;full_width&#8221; angled_section=&#8221;no&#8221; text_align=&#8221;left&#8221; background_image_as_pattern=&#8221;without_pattern&#8221; css=&#8221;.vc_custom_1645717017481{padding-bottom: 50px !important;}&#8221; z_index=&#8221;&#8221;][vc_column width=&#8221;1/2&#8243; css=&#8221;.vc_custom_1645717024489{margin-bottom: 50px !important;}&#8221;][vc_column_text css=&#8221;.vc_custom_1645440608004{padding-top: 20px !important;}&#8221;]El servei de recollida d&#8217;estris voluminosos consisteix en la retirada d&#8217;aquells residus d&#8217;origen domiciliari que per la seua grandària no poden ser depositats dins els contenidors de..." />
<meta property="og:url" content="https://elxverdaineta.es/ca/recollida-estris-domestics/" />
<meta property="og:site_name" content="Elx verda i neta" />
<meta property="article:publisher" content="https://www.facebook.com/elxverdaineta/" />
<meta property="article:modified_time" content="2022-02-24T15:37:10+00:00" />
<meta name="twitter:card" content="summary_large_image" />
<meta name="twitter:site" content="@elxverdaineta" />
<meta name="twitter:label1" content="Temps estimat de lectura" />
	<meta name="twitter:data1" content="1 minut" />
<script type="application/ld+json" class="yoast-schema-graph">{"@context":"https:\/\/schema.org","@graph":[{"@type":"WebPage","@id":"https:\/\/elxverdaineta.es\/ca\/recollida-estris-domestics\/","url":"https:\/\/elxverdaineta.es\/ca\/recollida-estris-domestics\/","name":"Estris domèstics - Elx verda i neta","isPartOf":{"@id":"https:\/\/elxverdaineta.es\/ca\/#website"},"datePublished":"2022-02-22T17:21:38+00:00","dateModified":"2022-02-24T15:37:10+00:00","breadcrumb":{"@id":"https:\/\/elxverdaineta.es\/ca\/recollida-estris-domestics\/#breadcrumb"},"inLanguage":"ca","potentialAction":[{"@type":"ReadAction","target":["https:\/\/elxverdaineta.es\/ca\/recollida-estris-domestics\/"]}]},{"@type":"BreadcrumbList","@id":"https:\/\/elxverdaineta.es\/ca\/recollida-estris-domestics\/#breadcrumb","itemListElement":[{"@type":"ListItem","position":1,"name":"Inici","item":"https:\/\/elxverdaineta.es\/ca\/"},{"@type":"ListItem","position":2,"name":"Estris domèstics"}]},{"@type":"WebSite","@id":"https:\/\/elxverdaineta.es\/ca\/#website","url":"https:\/\/elxverdaineta.es\/ca\/","name":"Elx verda i neta","description":"","publisher":{"@id":"https:\/\/elxverdaineta.es\/ca\/#organization"},"potentialAction":[{"@type":"SearchAction","target":{"@type":"EntryPoint","urlTemplate":"https:\/\/elxverdaineta.es\/ca\/?s={search_term_string}"},"query-input":{"@type":"PropertyValueSpecification","valueRequired":true,"valueName":"search_term_string"}}],"inLanguage":"ca"},{"@type":"Organization","@id":"https:\/\/elxverdaineta.es\/ca\/#organization","name":"Elx verda i neta","url":"https:\/\/elxverdaineta.es\/ca\/","logo":{"@type":"ImageObject","inLanguage":"ca","@id":"https:\/\/elxverdaineta.es\/ca\/#\/schema\/logo\/image\/","url":"https:\/\/elxverdaineta.es\/wp-content\/uploads\/2022\/01\/logo-elx-verda-i-neta.png","contentUrl":"https:\/\/elxverdaineta.es\/wp-content\/uploads\/2022\/01\/logo-elx-verda-i-neta.png","width":359,"height":264,"caption":"Elx verda i neta"},"image":{"@id":"https:\/\/elxverdaineta.es\/ca\/#\/schema\/logo\/image\/"},"sameAs":["https:\/\/www.facebook.com\/elxverdaineta\/","https:\/\/x.com\/elxverdaineta"]}]}</script>
<!-- / Yoast SEO plugin. -->

Estris domèstics - Elx verda i neta

[vc_row css_animation=&#8221;&#8221; row_type=&#8221;row&#8221; use_row_as_full_screen_section=&#8221;no&#8221; type=&#8221;full_width&#8221; angled_section=&#8221;no&#8221; text_align=&#8221;left&#8221; background_image_as_pattern=&#8221;without_pattern&#8221; css=&#8221;.vc_custom_1645717017481{padding-bottom: 50px !important;}&#8221; z_index=&#8221;&#8221;][vc_column width=&#8221;1/2&#8243; css=&#8221;.vc_custom_1645717024489{margin-bottom: 50px !important;}&#8221;][vc_column_text css=&#8221;.vc_custom_1645440608004{padding-top: 20px !important;}&#8221;]El servei de recollida d&#8217;estris voluminosos consisteix en la retirada d&#8217;aquells residus d&#8217;origen domiciliari que per la seua grandària no poden ser depositats dins els contenidors de...
